{"id":103,"date":"2025-03-15T01:54:24","date_gmt":"2025-03-14T22:54:24","guid":{"rendered":"https:\/\/cts-group.cz\/?page_id=103"},"modified":"2025-03-15T01:54:24","modified_gmt":"2025-03-14T22:54:24","slug":"bojove-drony-fpv","status":"publish","type":"page","link":"https:\/\/cts-group.cz\/?page_id=103","title":{"rendered":"Bojov\u00e9 drony FPV"},"content":{"rendered":"\n<div class=\"wp-block-columns is-layout-flex wp-container-core-columns-is-layout-28f84493 wp-block-columns-is-layout-flex\">\n<div class=\"wp-block-column is-layout-flow wp-block-column-is-layout-flow\">\n<figure class=\"wp-block-image size-full\"><img loading=\"lazy\" decoding=\"async\" width=\"1024\" height=\"1024\" src=\"https:\/\/cts-group.cz\/wp-content\/uploads\/2025\/03\/CTS-2m.jpeg\" alt=\"\" class=\"wp-image-69\" srcset=\"https:\/\/cts-group.cz\/wp-content\/uploads\/2025\/03\/CTS-2m.jpeg 1024w, https:\/\/cts-group.cz\/wp-content\/uploads\/2025\/03\/CTS-2m-300x300.jpeg 300w, https:\/\/cts-group.cz\/wp-content\/uploads\/2025\/03\/CTS-2m-150x150.jpeg 150w, https:\/\/cts-group.cz\/wp-content\/uploads\/2025\/03\/CTS-2m-768x768.jpeg 768w\" sizes=\"(max-width: 1024px) 100vw, 1024px\" \/><\/figure>\n<\/div>\n\n\n\n<div class=\"wp-block-column is-layout-flow wp-block-column-is-layout-flow\">\n<p class=\"has-text-align-right\">V\u00fdvoj modern\u00edch bezpilotn\u00edch technologi\u00ed rychle m\u011bn\u00ed p\u0159\u00edstupy k obran\u011b a v\u00e1l\u010den\u00ed. Ozbrojen\u00e9 s\u00edly mnoha zem\u00ed aktivn\u011b zav\u00e1d\u011bj\u00ed bezpilotn\u00ed prost\u0159edky, co\u017e v\u00fdznamn\u011b roz\u0161i\u0159uje jejich mo\u017enosti na boji\u0161ti a p\u0159i \u0159e\u0161en\u00ed strategick\u00fdch \u00fakol\u016f. Jednou z nejperspektivn\u011bj\u0161\u00edch oblast\u00ed je vyu\u017eit\u00ed bezpilotn\u00edch letoun\u016f, kter\u00e9 mohou v\u00fdrazn\u011b zv\u00fd\u0161it efektivitu vojsk.<\/p>\n\n\n\n<p class=\"has-text-align-right\">FPV drony spole\u010dnosti CTS Group jsou d\u016fkladn\u011b testov\u00e1ny ve spolupr\u00e1ci s vojensk\u00fdmi odborn\u00edky, aby se prok\u00e1zala jejich spolehlivost a \u00fa\u010dinnost. N\u00e1\u0161 v\u00fdvoj nejen zvy\u0161uje schopnosti ozbrojen\u00fdch sil, ale \u00fasp\u011b\u0161n\u011b se pou\u017e\u00edv\u00e1 i pro civiln\u00ed aplikace, jako je monitorov\u00e1n\u00ed \u00fazem\u00ed, krizov\u00e9 \u0159\u00edzen\u00ed a ochrana kritick\u00e9 infrastruktury.<\/p>\n<\/div>\n<\/div>\n\n\n\n<p><strong>Spole\u010dnost CTS Group nab\u00edz\u00ed \u0159adu inovativn\u00edch FPV dron\u016f s jedine\u010dn\u00fdmi schopnostmi pro re\u00e1ln\u00e9 bojov\u00e9 aplikace:<\/strong><\/p>\n\n\n\n<p><strong>Vysok\u00e1 man\u00e9vrovatelnost a p\u0159esnost:<\/strong><br>Drony FPV poskytuj\u00ed oper\u00e1torovi mo\u017enost prov\u00e1d\u011bt slo\u017eit\u00e9 man\u00e9vry a p\u0159esn\u011b zam\u011b\u0159ovat c\u00edle v r\u016fzn\u00fdch prost\u0159ed\u00edch.<\/p>\n\n\n\n<p><strong>Flexibiln\u00ed pou\u017eit\u00ed:<\/strong><br>drony lze pou\u017e\u00edt k pr\u016fzkumu, zam\u011b\u0159ov\u00e1n\u00ed a p\u0159esn\u00e9mu \u00faderu.<\/p>\n\n\n\n<p><strong>Odolnost proti ru\u0161en\u00ed:<\/strong><br>konstrukce a technologie dron\u016f byly vyvinuty tak, aby odolaly pokro\u010dil\u00fdm mo\u017enostem elektronick\u00e9ho boje.<\/p>\n\n\n\n<p><strong>V\u0161estrannost a mobilita:<\/strong><br>drony se snadno p\u0159izp\u016fsobuj\u00ed r\u016fzn\u00fdm \u00fakol\u016fm a lze je rychle nasadit v jak\u00e9mkoli prost\u0159ed\u00ed.<\/p>\n\n\n\n<p>Roz\u0161i\u0159te sv\u00e9 mo\u017enosti o v\u00fdkonn\u00e9 bojov\u00e9 FPV drony od spole\u010dnosti CTS Group.<\/p>\n\n\n\n<p><\/p>\n","protected":false},"excerpt":{"rendered":"<p>V\u00fdvoj modern\u00edch bezpilotn\u00edch technologi\u00ed rychle m\u011bn\u00ed p\u0159\u00edstupy k obran\u011b a v\u00e1l\u010den\u00ed. Ozbrojen\u00e9 s\u00edly mnoha zem\u00ed aktivn\u011b zav\u00e1d\u011bj\u00ed bezpilotn\u00ed prost\u0159edky, co\u017e v\u00fdznamn\u011b roz\u0161i\u0159uje jejich mo\u017enosti na boji\u0161ti a p\u0159i \u0159e\u0161en\u00ed strategick\u00fdch \u00fakol\u016f. Jednou z nejperspektivn\u011bj\u0161\u00edch oblast\u00ed je vyu\u017eit\u00ed bezpilotn\u00edch letoun\u016f, kter\u00e9 mohou v\u00fdrazn\u011b zv\u00fd\u0161it efektivitu vojsk. FPV drony spole\u010dnosti CTS Group jsou d\u016fkladn\u011b testov\u00e1ny ve spolupr\u00e1ci [&hellip;]<\/p>\n","protected":false},"author":1,"featured_media":0,"parent":0,"menu_order":0,"comment_status":"closed","ping_status":"closed","template":"","meta":{"saved_in_kubio":false,"footnotes":""},"class_list":["post-103","page","type-page","status-publish","hentry"],"kubio_ai_page_context":{"short_desc":"","purpose":"general"},"_links":{"self":[{"href":"https:\/\/cts-group.cz\/index.php?rest_route=\/wp\/v2\/pages\/103","targetHints":{"allow":["GET"]}}],"collection":[{"href":"https:\/\/cts-group.cz\/index.php?rest_route=\/wp\/v2\/pages"}],"about":[{"href":"https:\/\/cts-group.cz\/index.php?rest_route=\/wp\/v2\/types\/page"}],"author":[{"embeddable":true,"href":"https:\/\/cts-group.cz\/index.php?rest_route=\/wp\/v2\/users\/1"}],"replies":[{"embeddable":true,"href":"https:\/\/cts-group.cz\/index.php?rest_route=%2Fwp%2Fv2%2Fcomments&post=103"}],"version-history":[{"count":1,"href":"https:\/\/cts-group.cz\/index.php?rest_route=\/wp\/v2\/pages\/103\/revisions"}],"predecessor-version":[{"id":104,"href":"https:\/\/cts-group.cz\/index.php?rest_route=\/wp\/v2\/pages\/103\/revisions\/104"}],"wp:attachment":[{"href":"https:\/\/cts-group.cz\/index.php?rest_route=%2Fwp%2Fv2%2Fmedia&parent=103"}],"curies":[{"name":"wp","href":"https:\/\/api.w.org\/{rel}","templated":true}]}}